{"id":696,"date":"2012-05-15T12:39:14","date_gmt":"2012-05-15T12:39:14","guid":{"rendered":"http:\/\/www.eta-reyer.de\/cms\/?page_id=696"},"modified":"2024-11-21T10:18:31","modified_gmt":"2024-11-21T10:18:31","slug":"erfurter-wasserwerke","status":"publish","type":"page","link":"https:\/\/www.eta-reyer.de\/?page_id=696","title":{"rendered":"Erfurter Wasserwerke"},"content":{"rendered":"<h1>Errichtung der Erfurter Wasserwerke M\u00f6bisburg II und Steiger II<\/h1>\n<ul>\n<li>Festlegung der Bohransatzpunkte nach sorgf\u00e4ltiger Pr\u00fcfung der hydrogeologischen Ausgangssituation<\/li>\n<li>Ingenieurtechnische Planung von f\u00fcnf Bohrbrunnen<\/li>\n<li>Durchf\u00fchrung der Bau\u00fcberwachung<\/li>\n<li>Aufnahme der geologischen Bohrprofile<\/li>\n<li>Durchf\u00fchrung und Auswertung von Leistungs- und Gruppen-Pumpversuchen zum Nachweis der Leistungsf\u00e4higkeit der neuen Brunnen<\/li>\n<li>Ermittlung der hydraulischen Kennwerte<\/li>\n<li>Wasserprobenahme und Auswertung der Analytik<\/li>\n<li>Empfehlungen zur Brunnenbewirtschaftung<\/li>\n<\/ul>\n<!-- index.php -->\n<div\n\tclass=\"ngg-galleryoverview ngg-ajax-pagination-none\"\n\tid=\"ngg-gallery-268a31a8040d5a76d44fda5eea62475b-1\">\n\n    \t<div class=\"slideshowlink\">\n        <a href='https:\/\/www.eta-reyer.de\/index.php\/nggallery\/slideshow?page_id=696'>[Zeige als Diashow]<\/a>\n\t\t\n\t<\/div>\n\t\t\t<!-- Thumbnails -->\n\t\t\t\t<div id=\"ngg-image-0\" class=\"ngg-gallery-thumbnail-box\" >\n\t\t\t\t        <div class=\"ngg-gallery-thumbnail\">\n            <a href=\"https:\/\/www.eta-reyer.de\/cms\/wp-content\/gallery\/referenzbilder\/ww_erfurt.jpg\"\n               title=\"Fertiggestellte Brunnengalerie des Wasserwerkes M\u00f6bisburg II\"\n               data-src=\"https:\/\/www.eta-reyer.de\/cms\/wp-content\/gallery\/referenzbilder\/ww_erfurt.jpg\"\n               data-thumbnail=\"https:\/\/www.eta-reyer.de\/cms\/wp-content\/gallery\/referenzbilder\/thumbs\/thumbs_ww_erfurt.jpg\"\n               data-image-id=\"37\"\n               data-title=\"Fertiggestellte Brunnengalerie des Wasserwerkes M\u00f6bisburg II\"\n               data-description=\"Fertiggestellte Brunnengalerie des Wasserwerkes M\u00f6bisburg II\"\n               data-image-slug=\"fertiggestellte-brunnengalerie-des-wasserwerkes-mobisburg-ii\"\n               class=\"ngg-simplelightbox\" rel=\"268a31a8040d5a76d44fda5eea62475b\">\n                <img\n                    title=\"Fertiggestellte Brunnengalerie des Wasserwerkes M\u00f6bisburg II\"\n                    alt=\"Fertiggestellte Brunnengalerie des Wasserwerkes M\u00f6bisburg II\"\n                    src=\"https:\/\/www.eta-reyer.de\/cms\/wp-content\/gallery\/referenzbilder\/thumbs\/thumbs_ww_erfurt.jpg\"\n                    width=\"150\"\n                    height=\"100\"\n                    style=\"max-width:100%;\"\n                \/>\n            <\/a>\n        <\/div>\n\t\t\t\t\t\t\t<\/div> \n\t\t\t\n        \n\t\t\t\t<div id=\"ngg-image-1\" class=\"ngg-gallery-thumbnail-box\" >\n\t\t\t\t        <div class=\"ngg-gallery-thumbnail\">\n            <a href=\"https:\/\/www.eta-reyer.de\/cms\/wp-content\/gallery\/referenzbilder\/ww_erfurt_baustelle.jpg\"\n               title=\"Neubau der Brunnengalerie de Wasserwerkes M\u00f6bisburg II\"\n               data-src=\"https:\/\/www.eta-reyer.de\/cms\/wp-content\/gallery\/referenzbilder\/ww_erfurt_baustelle.jpg\"\n               data-thumbnail=\"https:\/\/www.eta-reyer.de\/cms\/wp-content\/gallery\/referenzbilder\/thumbs\/thumbs_ww_erfurt_baustelle.jpg\"\n               data-image-id=\"38\"\n               data-title=\"Neubau der Brunnengalerie de Wasserwerkes M\u00f6bisburg II\"\n               data-description=\"Neubau der Brunnengalerie de Wasserwerkes M\u00f6bisburg II\"\n               data-image-slug=\"neubau-der-brunnengalerie-de-wasserwerkes-mobisburg-ii\"\n               class=\"ngg-simplelightbox\" rel=\"268a31a8040d5a76d44fda5eea62475b\">\n                <img\n                    title=\"Neubau der Brunnengalerie de Wasserwerkes M\u00f6bisburg II\"\n                    alt=\"Neubau der Brunnengalerie de Wasserwerkes M\u00f6bisburg II\"\n                    src=\"https:\/\/www.eta-reyer.de\/cms\/wp-content\/gallery\/referenzbilder\/thumbs\/thumbs_ww_erfurt_baustelle.jpg\"\n                    width=\"100\"\n                    height=\"150\"\n                    style=\"max-width:100%;\"\n                \/>\n            <\/a>\n        <\/div>\n\t\t\t\t\t\t\t<\/div> \n\t\t\t\n        \n\t\t\t\t<div id=\"ngg-image-2\" class=\"ngg-gallery-thumbnail-box\" >\n\t\t\t\t        <div class=\"ngg-gallery-thumbnail\">\n            <a href=\"https:\/\/www.eta-reyer.de\/cms\/wp-content\/gallery\/referenzbilder\/ww_erfurt_bohrung.jpg\"\n               title=\"Bohrung\"\n               data-src=\"https:\/\/www.eta-reyer.de\/cms\/wp-content\/gallery\/referenzbilder\/ww_erfurt_bohrung.jpg\"\n               data-thumbnail=\"https:\/\/www.eta-reyer.de\/cms\/wp-content\/gallery\/referenzbilder\/thumbs\/thumbs_ww_erfurt_bohrung.jpg\"\n               data-image-id=\"39\"\n               data-title=\"Bohrung\"\n               data-description=\"Bohrung\"\n               data-image-slug=\"bohrung\"\n               class=\"ngg-simplelightbox\" rel=\"268a31a8040d5a76d44fda5eea62475b\">\n                <img\n                    title=\"Bohrung\"\n                    alt=\"Bohrung\"\n                    src=\"https:\/\/www.eta-reyer.de\/cms\/wp-content\/gallery\/referenzbilder\/thumbs\/thumbs_ww_erfurt_bohrung.jpg\"\n                    width=\"100\"\n                    height=\"150\"\n                    style=\"max-width:100%;\"\n                \/>\n            <\/a>\n        <\/div>\n\t\t\t\t\t\t\t<\/div> \n\t\t\t\n        \n\t\t\t\t<div id=\"ngg-image-3\" class=\"ngg-gallery-thumbnail-box\" >\n\t\t\t\t        <div class=\"ngg-gallery-thumbnail\">\n            <a href=\"https:\/\/www.eta-reyer.de\/cms\/wp-content\/gallery\/referenzbilder\/ww_erfurt_team.jpg\"\n               title=\"Fachleute des e.t.a. Sachverst\u00e4ndigenb\u00fcro Reyer vor Ort\"\n               data-src=\"https:\/\/www.eta-reyer.de\/cms\/wp-content\/gallery\/referenzbilder\/ww_erfurt_team.jpg\"\n               data-thumbnail=\"https:\/\/www.eta-reyer.de\/cms\/wp-content\/gallery\/referenzbilder\/thumbs\/thumbs_ww_erfurt_team.jpg\"\n               data-image-id=\"40\"\n               data-title=\"Fachleute des e.t.a. Sachverst\u00e4ndigenb\u00fcro Reyer vor Ort\"\n               data-description=\"Fachleute des e.t.a. Sachverst\u00e4ndigenb\u00fcro Reyer vor Ort\"\n               data-image-slug=\"fachleute-des-e-t-a-sachverstandigenburo-reyer-vor-ort-2\"\n               class=\"ngg-simplelightbox\" rel=\"268a31a8040d5a76d44fda5eea62475b\">\n                <img\n                    title=\"Fachleute des e.t.a. Sachverst\u00e4ndigenb\u00fcro Reyer vor Ort\"\n                    alt=\"Fachleute des e.t.a. Sachverst\u00e4ndigenb\u00fcro Reyer vor Ort\"\n                    src=\"https:\/\/www.eta-reyer.de\/cms\/wp-content\/gallery\/referenzbilder\/thumbs\/thumbs_ww_erfurt_team.jpg\"\n                    width=\"112\"\n                    height=\"150\"\n                    style=\"max-width:100%;\"\n                \/>\n            <\/a>\n        <\/div>\n\t\t\t\t\t\t\t<\/div> \n\t\t\t\n        \n\t\t\n\t\t<!-- Pagination -->\n\t<div class='ngg-clear'><\/div>\t<\/div>\n\n","protected":false},"excerpt":{"rendered":"<p>Errichtung der Erfurter Wasserwerke M\u00f6bisburg II und Steiger II Festlegung der Bohransatzpunkte nach sorgf\u00e4ltiger Pr\u00fcfung der hydrogeologischen Ausgangssituation Ingenieurtechnische Planung von f\u00fcnf Bohrbrunnen Durchf\u00fchrung der Bau\u00fcberwachung Aufnahme der geologischen Bohrprofile Durchf\u00fchrung und Auswertung von Leistungs- und Gruppen-Pumpversuchen zum Nachweis der Leistungsf\u00e4higkeit der neuen Brunnen Ermittlung der hydraulischen Kennwerte Wasserprobenahme und Auswertung der Analytik Empfehlungen zur [&hellip;]<\/p>\n","protected":false},"author":1,"featured_media":0,"parent":390,"menu_order":22,"comment_status":"closed","ping_status":"closed","template":"","meta":{"ngg_post_thumbnail":0},"_links":{"self":[{"href":"https:\/\/www.eta-reyer.de\/index.php?rest_route=\/wp\/v2\/pages\/696"}],"collection":[{"href":"https:\/\/www.eta-reyer.de\/index.php?rest_route=\/wp\/v2\/pages"}],"about":[{"href":"https:\/\/www.eta-reyer.de\/index.php?rest_route=\/wp\/v2\/types\/page"}],"author":[{"embeddable":true,"href":"https:\/\/www.eta-reyer.de\/index.php?rest_route=\/wp\/v2\/users\/1"}],"replies":[{"embeddable":true,"href":"https:\/\/www.eta-reyer.de\/index.php?rest_route=%2Fwp%2Fv2%2Fcomments&post=696"}],"version-history":[{"count":21,"href":"https:\/\/www.eta-reyer.de\/index.php?rest_route=\/wp\/v2\/pages\/696\/revisions"}],"predecessor-version":[{"id":926,"href":"https:\/\/www.eta-reyer.de\/index.php?rest_route=\/wp\/v2\/pages\/696\/revisions\/926"}],"up":[{"embeddable":true,"href":"https:\/\/www.eta-reyer.de\/index.php?rest_route=\/wp\/v2\/pages\/390"}],"wp:attachment":[{"href":"https:\/\/www.eta-reyer.de\/index.php?rest_route=%2Fwp%2Fv2%2Fmedia&parent=696"}],"curies":[{"name":"wp","href":"https:\/\/api.w.org\/{rel}","templated":true}]}}