{"id":51,"date":"2010-03-25T10:53:55","date_gmt":"2010-03-25T10:53:55","guid":{"rendered":"http:\/\/www.eta-reyer.de\/cms\/?page_id=51"},"modified":"2024-11-21T10:17:52","modified_gmt":"2024-11-21T10:17:52","slug":"wasserbau","status":"publish","type":"page","link":"https:\/\/www.eta-reyer.de\/?page_id=51","title":{"rendered":"Wasserwerk Burgwenden"},"content":{"rendered":"<h1>Hydrogeologische Erkundungsarbeiten<\/h1>\n<p><span style=\"color: #1871bf;\"><strong>Erkundungsziel<\/strong><\/span><\/p>\n<ul>\n<li style=\"text-align: justify;\">Erschlie\u00dfung von eisen- und manganarmem Grundwasser<\/li>\n<\/ul>\n<p><span style=\"color: #1871bf;\"><strong>Untersuchungsarbeiten<\/strong><\/span><\/p>\n<ul>\n<li style=\"text-align: justify;\">Festlegung der Bohransatzpunkte nach sorgf\u00e4ltiger Pr\u00fcfung der hydrologischen Ausgangssituation<\/li>\n<li style=\"text-align: justify;\">Durchf\u00fchrung von kleindimensionierten Suchbohrungen<\/li>\n<li style=\"text-align: justify;\">Test der Wasserqualit\u00e4t und der Leistungsf\u00e4higkeit der Er-kundungsbohrungen<\/li>\n<li style=\"text-align: justify;\">Untersuchung der Altbrunnen (Wasseranalytik, Gruppenpumpversuch, geophysikalische Vermessung)<\/li>\n<\/ul>\n<p><span style=\"color: #1871bf;\"><strong>Ergebnisse<\/strong><\/span><\/p>\n<ul>\n<li style=\"text-align: justify;\">Erschlie\u00dfung von qualit\u00e4tsgerechtem Grundwasser&nbsp; nur in geringeren Tiefen m\u00f6glich<\/li>\n<li style=\"text-align: justify;\">in tieferen Bereichen Zunahme der Eisen- und Mangankonzentration<\/li>\n<li style=\"text-align: justify;\">mit Ann\u00e4herung an die Finnest\u00f6rung Zunahme der Eisen- und Mangankonzentrationen im<br \/>\nGrundwasser<\/li>\n<li style=\"text-align: justify;\">da zur Einhaltung der Qualit\u00e4tsparameter nur die obere Grundwasserkalotte f\u00fcr die Grundwassererschlie\u00dfung geeignet ist, sind mehrere Brunnen notwendig, um die geforderten F\u00f6rdermengen erfassen zu k\u00f6nnen<\/li>\n<\/ul>\n<!-- index.php -->\n<div\n\tclass=\"ngg-galleryoverview ngg-ajax-pagination-none\"\n\tid=\"ngg-gallery-b9c89febf7e0520dbb5ba80170ecd30d-1\">\n\n    \t<div class=\"slideshowlink\">\n        <a href='https:\/\/www.eta-reyer.de\/index.php\/nggallery\/slideshow?page_id=51'>[Zeige als Diashow]<\/a>\n\t\t\n\t<\/div>\n\t\t\t<!-- Thumbnails -->\n\t\t\t\t<div id=\"ngg-image-0\" class=\"ngg-gallery-thumbnail-box\" >\n\t\t\t\t        <div class=\"ngg-gallery-thumbnail\">\n            <a href=\"https:\/\/www.eta-reyer.de\/cms\/wp-content\/gallery\/referenzbilder\/Burgwenden1.jpg\"\n               title=\"Wasserwerk Burgwenden\"\n               data-src=\"https:\/\/www.eta-reyer.de\/cms\/wp-content\/gallery\/referenzbilder\/Burgwenden1.jpg\"\n               data-thumbnail=\"https:\/\/www.eta-reyer.de\/cms\/wp-content\/gallery\/referenzbilder\/thumbs\/thumbs_Burgwenden1.jpg\"\n               data-image-id=\"1\"\n               data-title=\"Wasserwerk Burgwenden\"\n               data-description=\"Wasserwerk Burgwenden\"\n               data-image-slug=\"wasserwerk-burgwenden-4\"\n               class=\"ngg-simplelightbox\" rel=\"b9c89febf7e0520dbb5ba80170ecd30d\">\n                <img\n                    title=\"Wasserwerk Burgwenden\"\n                    alt=\"Wasserwerk Burgwenden\"\n                    src=\"https:\/\/www.eta-reyer.de\/cms\/wp-content\/gallery\/referenzbilder\/thumbs\/thumbs_Burgwenden1.jpg\"\n                    width=\"100\"\n                    height=\"150\"\n                    style=\"max-width:100%;\"\n                \/>\n            <\/a>\n        <\/div>\n\t\t\t\t\t\t\t<\/div> \n\t\t\t\n        \n\t\t\t\t<div id=\"ngg-image-1\" class=\"ngg-gallery-thumbnail-box\" >\n\t\t\t\t        <div class=\"ngg-gallery-thumbnail\">\n            <a href=\"https:\/\/www.eta-reyer.de\/cms\/wp-content\/gallery\/referenzbilder\/Burgwenden2.jpg\"\n               title=\"Wasserwerk Burgwenden\"\n               data-src=\"https:\/\/www.eta-reyer.de\/cms\/wp-content\/gallery\/referenzbilder\/Burgwenden2.jpg\"\n               data-thumbnail=\"https:\/\/www.eta-reyer.de\/cms\/wp-content\/gallery\/referenzbilder\/thumbs\/thumbs_Burgwenden2.jpg\"\n               data-image-id=\"2\"\n               data-title=\"Wasserwerk Burgwenden\"\n               data-description=\"Wasserwerk Burgwenden\"\n               data-image-slug=\"wasserwerk-burgwenden\"\n               class=\"ngg-simplelightbox\" rel=\"b9c89febf7e0520dbb5ba80170ecd30d\">\n                <img\n                    title=\"Wasserwerk Burgwenden\"\n                    alt=\"Wasserwerk Burgwenden\"\n                    src=\"https:\/\/www.eta-reyer.de\/cms\/wp-content\/gallery\/referenzbilder\/thumbs\/thumbs_Burgwenden2.jpg\"\n                    width=\"100\"\n                    height=\"150\"\n                    style=\"max-width:100%;\"\n                \/>\n            <\/a>\n        <\/div>\n\t\t\t\t\t\t\t<\/div> \n\t\t\t\n        \n\t\t\t\t<div id=\"ngg-image-2\" class=\"ngg-gallery-thumbnail-box\" >\n\t\t\t\t        <div class=\"ngg-gallery-thumbnail\">\n            <a href=\"https:\/\/www.eta-reyer.de\/cms\/wp-content\/gallery\/referenzbilder\/Burgwenden3.jpg\"\n               title=\"Wasserwerk Burgwenden\"\n               data-src=\"https:\/\/www.eta-reyer.de\/cms\/wp-content\/gallery\/referenzbilder\/Burgwenden3.jpg\"\n               data-thumbnail=\"https:\/\/www.eta-reyer.de\/cms\/wp-content\/gallery\/referenzbilder\/thumbs\/thumbs_Burgwenden3.jpg\"\n               data-image-id=\"3\"\n               data-title=\"Wasserwerk Burgwenden\"\n               data-description=\"Wasserwerk Burgwenden\"\n               data-image-slug=\"wasserwerk-burgwenden-2\"\n               class=\"ngg-simplelightbox\" rel=\"b9c89febf7e0520dbb5ba80170ecd30d\">\n                <img\n                    title=\"Wasserwerk Burgwenden\"\n                    alt=\"Wasserwerk Burgwenden\"\n                    src=\"https:\/\/www.eta-reyer.de\/cms\/wp-content\/gallery\/referenzbilder\/thumbs\/thumbs_Burgwenden3.jpg\"\n                    width=\"150\"\n                    height=\"100\"\n                    style=\"max-width:100%;\"\n                \/>\n            <\/a>\n        <\/div>\n\t\t\t\t\t\t\t<\/div> \n\t\t\t\n        \n\t\t\n\t\t<!-- Pagination -->\n\t<div class='ngg-clear'><\/div>\t<\/div>\n\n","protected":false},"excerpt":{"rendered":"<p>Hydrogeologische Erkundungsarbeiten Erkundungsziel Erschlie\u00dfung von eisen- und manganarmem Grundwasser Untersuchungsarbeiten Festlegung der Bohransatzpunkte nach sorgf\u00e4ltiger Pr\u00fcfung der hydrologischen Ausgangssituation Durchf\u00fchrung von kleindimensionierten Suchbohrungen Test der Wasserqualit\u00e4t und der Leistungsf\u00e4higkeit der Er-kundungsbohrungen Untersuchung der Altbrunnen (Wasseranalytik, Gruppenpumpversuch, geophysikalische Vermessung) Ergebnisse Erschlie\u00dfung von qualit\u00e4tsgerechtem Grundwasser&nbsp; nur in geringeren Tiefen m\u00f6glich in tieferen Bereichen Zunahme der Eisen- und [&hellip;]<\/p>\n","protected":false},"author":1,"featured_media":0,"parent":390,"menu_order":1,"comment_status":"closed","ping_status":"closed","template":"","meta":{"ngg_post_thumbnail":0},"_links":{"self":[{"href":"https:\/\/www.eta-reyer.de\/index.php?rest_route=\/wp\/v2\/pages\/51"}],"collection":[{"href":"https:\/\/www.eta-reyer.de\/index.php?rest_route=\/wp\/v2\/pages"}],"about":[{"href":"https:\/\/www.eta-reyer.de\/index.php?rest_route=\/wp\/v2\/types\/page"}],"author":[{"embeddable":true,"href":"https:\/\/www.eta-reyer.de\/index.php?rest_route=\/wp\/v2\/users\/1"}],"replies":[{"embeddable":true,"href":"https:\/\/www.eta-reyer.de\/index.php?rest_route=%2Fwp%2Fv2%2Fcomments&post=51"}],"version-history":[{"count":97,"href":"https:\/\/www.eta-reyer.de\/index.php?rest_route=\/wp\/v2\/pages\/51\/revisions"}],"predecessor-version":[{"id":964,"href":"https:\/\/www.eta-reyer.de\/index.php?rest_route=\/wp\/v2\/pages\/51\/revisions\/964"}],"up":[{"embeddable":true,"href":"https:\/\/www.eta-reyer.de\/index.php?rest_route=\/wp\/v2\/pages\/390"}],"wp:attachment":[{"href":"https:\/\/www.eta-reyer.de\/index.php?rest_route=%2Fwp%2Fv2%2Fmedia&parent=51"}],"curies":[{"name":"wp","href":"https:\/\/api.w.org\/{rel}","templated":true}]}}